{"id":3914,"date":"2022-01-14T10:56:22","date_gmt":"2022-01-14T09:56:22","guid":{"rendered":"https:\/\/marienoelledelapoype.com\/biography\/"},"modified":"2026-04-15T15:49:24","modified_gmt":"2026-04-15T13:49:24","slug":"biography","status":"publish","type":"page","link":"https:\/\/marienoelledelapoype.com\/en\/biography\/","title":{"rendered":"Biography"},"content":{"rendered":"<p>[et_pb_section fb_built=&#8221;1&#8243; next_background_color=&#8221;#ffffff&#8221; _builder_version=&#8221;4.14.8&#8243; _module_preset=&#8221;default&#8221; background_image=&#8221;https:\/\/marienoelledelapoype.com\/wp-content\/uploads\/2022\/02\/baniere-test.jpg&#8221; custom_padding=&#8221;50px||50px||true|false&#8221; bottom_divider_style=&#8221;curve&#8221; bottom_divider_height=&#8221;50px&#8221; bottom_divider_flip=&#8221;horizontal&#8221; bottom_divider_style_tablet=&#8221;&#8221; bottom_divider_style_phone=&#8221;none&#8221; bottom_divider_style_last_edited=&#8221;on|desktop&#8221; global_module=&#8221;25012&#8243; global_colors_info=&#8221;{}&#8221;][et_pb_row _builder_version=&#8221;4.16&#8243; _module_preset=&#8221;default&#8221; global_colors_info=&#8221;{}&#8221;][et_pb_column type=&#8221;4_4&#8243; _builder_version=&#8221;4.16&#8243; _module_preset=&#8221;default&#8221; global_colors_info=&#8221;{}&#8221;][et_pb_text _builder_version=&#8221;4.16&#8243; _dynamic_attributes=&#8221;content&#8221; _module_preset=&#8221;default&#8221; header_text_align=&#8221;center&#8221; header_text_color=&#8221;#FFFFFF&#8221; header_font_size=&#8221;60px&#8221; header_font_size_tablet=&#8221;&#8221; header_font_size_phone=&#8221;40px&#8221; header_font_size_last_edited=&#8221;on|phone&#8221; header_text_shadow_style=&#8221;preset5&#8243; header_text_shadow_color=&#8221;#000000&#8243; global_colors_info=&#8221;{}&#8221;]@ET-DC@eyJkeW5hbWljIjp0cnVlLCJjb250ZW50IjoicG9zdF90aXRsZSIsInNldHRpbmdzIjp7ImJlZm9yZSI6IjxoMT4iLCJhZnRlciI6IjxcL2gxPiJ9fQ==@[\/et_pb_text][\/et_pb_column][\/et_pb_row][\/et_pb_section][et_pb_section fb_built=&#8221;1&#8243; admin_label=&#8221;section&#8221; _builder_version=&#8221;4.16&#8243; global_colors_info=&#8221;{}&#8221;][et_pb_row admin_label=&#8221;row&#8221; _builder_version=&#8221;4.16&#8243; background_size=&#8221;initial&#8221; background_position=&#8221;top_left&#8221; background_repeat=&#8221;repeat&#8221; global_colors_info=&#8221;{}&#8221;][et_pb_column type=&#8221;4_4&#8243; _builder_version=&#8221;4.16&#8243; custom_padding=&#8221;|||&#8221; global_colors_info=&#8221;{}&#8221; custom_padding__hover=&#8221;|||&#8221;][et_pb_text _builder_version=&#8221;4.16&#8243; _module_preset=&#8221;default&#8221; global_colors_info=&#8221;{}&#8221;]<\/p>\n<h2 style=\"text-align: center;\">The life of Marie-No\u00eblle de La Poype is conjugated in the plural <\/h2>\n<p>&nbsp;<\/p>\n<p>Top-level sportswoman in her youth, she defends throughout the world her country\u2019s colors: Belgium.<br \/>Doctor of Law from the Universit\u00e9 Libre de Bruxelles, she began a personal reflection on our society.<\/p>\n<p>Graduated from the Fine Arts Academy of Braine l\u2019Alleud in 1994, she finally realizes her dream as an artist, combining creativity and her love for Nature. A declaration of her fascination for complementarity, harmony and balance.<\/p>\n<p>&nbsp;<\/p>\n<h3>Give life-breath into void and to matter<\/h3>\n<p>&nbsp;<\/p>\n<p>His work transcends the idea that sculpture has no territory other than the material. Whether mineral, organic, or industrial, the primary element leaves the figurative for the abstract. And her talent, beyond the tangible reconnects the link between the elements, to ultimately revive all our senses.<\/p>\n<p>Her early works use an unusual material with a rare density: bones of marine mammals from the secular age. With totemic lines and subtle elegance, all the power of the elements comes out of them.<\/p>\n<p>Getting closer to the industrial world with Touch Me, she shapes monumental bas-reliefs of colored plastic.<\/p>\n<p>Then imposing slate sculptures: masterly testimony of a human activity linked to the sacred. She splits this blue, dense, compressed and fissible rock to open out the song of the stones, to induce emptiness and space, to remind the complementarity of our universe.<\/p>\n<p>Currently, she sublimates the void and its vibrations as the link of a Whole. Stainless steel wires that she wraps around the stone or from which she forms metallic plants, trees without photosynthesis. A notion of harmony between full and empty.<\/p>\n<p>Une notion d&#8217;harmonie entre le plein et le vide.<\/p>\n<p>Artist of great talent, complete, art remains in his eyes a salutary need to the everyday life of the existence. Her works transmit a lasting emotion, a reflection on Nature and Humanity. A complementarity of the full through the Median Void: a powerful factor of Peace. Her works transmit a lasting emotion, a reflection on Nature and Humanity. A complementarity of the full through the Median Void: a powerful factor of Peace.  <\/p>\n<p>[\/et_pb_text][et_pb_text admin_label=&#8221;Text&#8221; _builder_version=&#8221;4.27.6&#8243; background_size=&#8221;initial&#8221; background_position=&#8221;top_left&#8221; background_repeat=&#8221;repeat&#8221; hover_enabled=&#8221;0&#8243; global_colors_info=&#8221;{}&#8221; sticky_enabled=&#8221;0&#8243;]<\/p>\n<div class=\"page\" title=\"Page 1\">\n<div class=\"layoutArea\">\n<div class=\"column\">\n<h2 style=\"padding-left: 60px;\">2025<\/h2>\n<p style=\"padding-left: 120px;\">France : Installation of PHOTOSYNTHESIS at the chapelle de Cozance (Trept, France)<\/p>\n<h2 style=\"padding-left: 60px;\">2024<\/h2>\n<p style=\"padding-left: 120px;\">France : PARIS: solo exhibition at the 8th arrondissement town hall<\/p>\n<\/div>\n<\/div>\n<h2 style=\"padding-left: 60px;\">2022<\/h2>\n<p style=\"padding-left: 120px;\">Belgium : Biennial of sculptures of Lasne September 30 (vernissage 19h) to October 9<\/p>\n<\/div>\n<h2 style=\"padding-left: 60px;\">2021<\/h2>\n<p style=\"padding-left: 120px;\">France :Yerres Property Caillebotte PHOTOSYNTHESIS installation with sound background<\/p>\n<p style=\"padding-left: 120px;\">France: Chateau de Bosc<\/p>\n<p style=\"padding-left: 120px;\">France: Vide m\u00e9dian and Aphorismes Galerie Argentine<\/p>\n<h2 style=\"padding-left: 60px;\">2019<\/h2>\n<p style=\"padding-left: 120px;\">France: Jardin des Oules (Uzes)<\/p>\n<p style=\"padding-left: 120px;\">France: Fondation Pierre et Poppy Salinger<\/p>\n<h2 style=\"padding-left: 60px;\">2016<\/h2>\n<p style=\"padding-left: 120px;\">\u25aa France Yerres: 4e Biennale de sculptures, Property Caillebotte<\/p>\n<p style=\"padding-left: 120px;\">\u25aa New York: Gallery Yoshii<\/p>\n<h2 style=\"padding-left: 60px;\">2014<\/h2>\n<p style=\"padding-left: 120px;\">\u25aa Tr\u00e9laz\u00e9 -France : Espace d&#8217;art contemporain &#8220;les Ecuries&#8221;<\/p>\n<p style=\"padding-left: 120px;\">\u25aa Saint Florent le Vieil France : Exposition F\u00e9minines?<\/p>\n<p style=\"padding-left: 120px;\">\u25aa Paris: M\u00e9tro Exposition DANS QUELLE VIE TU MONDES?<\/p>\n<h2 style=\"padding-left: 60px;\">2012<\/h2>\n<p style=\"padding-left: 120px;\">\u25aa Oslo : Galerie Arctandria<\/p>\n<p style=\"padding-left: 120px;\">\u25aa London : Barbican Centre : &#8220;Creative Cities Collection-Beux-Art Exhibition&#8221; pendant Olympic Games<\/p>\n<h2 style=\"padding-left: 60px;\">2011<\/h2>\n<p style=\"padding-left: 120px;\">\u25aa France Yerres: 3 \u00e8me Biennale de la Sculpture Property Caillebotte, Exposition Collective \u00abAutour du Rouge \u00bb Johnson &amp; Johnson- France<\/p>\n<p style=\"padding-left: 120px;\">\u25aa Paris: Night Night<\/p>\n<h2 style=\"padding-left: 60px;\">2010<\/h2>\n<p style=\"padding-left: 120px;\">\u25aa Paris : Mus\u00e9e de la Chasse et la Nature<\/p>\n<p style=\"padding-left: 120px;\">\u25aa Paris : Gallery Pierre-Alain Challier<\/p>\n<h2 style=\"padding-left: 60px;\">2008<\/h2>\n<p style=\"padding-left: 120px;\">\u25aa Beijing : Biennale de Pekin<\/p>\n<p style=\"padding-left: 120px;\">\u25aa Paris: Galerie Pierre-Alain Challier<\/p>\n<p style=\"padding-left: 120px;\">\u25aa Luxembourg: Le Foyer<\/p>\n<h2 style=\"padding-left: 60px;\">2005<\/h2>\n<p style=\"padding-left: 120px;\">\u25aa Belgique : Invit\u00e9e \u00e0 l\u2019Academie des Beaux Arts de Braine l\u2019Alleud<\/p>\n<p style=\"padding-left: 120px;\">\u25aa Barcelone : Galerie DART Bruxelles : Galerie Pierre Hallet<\/p>\n<h2 style=\"padding-left: 60px;\">2004<\/h2>\n<p style=\"padding-left: 120px;\">\u25aa Paris : Galerie Argentine de l\u2019Ambassade d\u2019Argentine<\/p>\n<h2 style=\"padding-left: 60px;\">2003<\/h2>\n<p style=\"padding-left: 120px;\">\u25aa Paris : Exposition personnelle Galerie Artcurial<\/p>\n<p style=\"padding-left: 120px;\">\u25aa Knokke le Zoute : avec Zao Wou-Ki Galerie Offa<\/p>\n<h2 style=\"padding-left: 60px;\">2002<\/h2>\n<p style=\"padding-left: 120px;\">\u25aa Monaco : Galerie Pastor \u2013 Gismondi<\/p>\n<p style=\"padding-left: 120px;\">\u25aa Monaco : Forum Grimaldi<\/p>\n<h2 style=\"padding-left: 60px;\">2000<\/h2>\n<p style=\"padding-left: 120px;\">\u25aa Antibes : Festival de la sculpture monumentale, Mus\u00e9e Picasso Antibes-shop<\/p>\n<h2 style=\"padding-left: 60px;\">1999<\/h2>\n<p style=\"padding-left: 120px;\">\u25aa Antibes : Festival de la sculpture monumentale<\/p>\n<p style=\"padding-left: 120px;\">\u25aa Paris : Mus\u00e9e d\u2019Histoires Naturelles- Salon des Naturalistes<\/p>\n<h2 style=\"padding-left: 60px;\">1998<\/h2>\n<p style=\"padding-left: 120px;\">\u25aa Paris : Galerie Argentine de l\u2019Ambassade d\u2019Argentine<\/p>\n<p style=\"padding-left: 120px;\">\u25aa Antibes : Festival de la sculpture monumentale<\/p>\n<p style=\"padding-left: 120px;\">\u25aa Tokyo : Invit\u00e9e \u00e0 la Tokyo School of Arts<\/p>\n<p style=\"padding-left: 120px;\">\u25aa Belgique : Invit\u00e9e du Groupe Quinconce au Mus\u00e9e Ianchelevici (Reportage T\u00e9l\u00e9vis\u00e9)<\/p>\n<h2 style=\"padding-left: 60px;\">1997<\/h2>\n<p style=\"padding-left: 120px;\">\u25aa Calvi : Festival du Vent<\/p>\n<p style=\"padding-left: 120px;\">\u25aa Antibes : Sculpture monumentale<\/p>\n<h2 style=\"padding-left: 60px;\">1996<\/h2>\n<p style=\"padding-left: 120px;\">\u25aa Antibes : Sculpture monumentale<\/p>\n<h2 style=\"padding-left: 60px;\">1995<\/h2>\n<p style=\"padding-left: 120px;\">\u25aa Bruxelles : Acquisition d\u2019une sculpture par le Mus\u00e9e d\u2019Art Contemporain de Ixelles<\/p>\n<p style=\"padding-left: 120px;\">\u25aa New-York : Vente d\u2019une oeuvre par Sotheby\u2019s au profit de la Fondation Bernadotte 1994<\/p>\n<p style=\"padding-left: 120px;\">\u25aa Belgique : Exposition au Ch\u00e2teau de Ooidonk sous l\u2019\u00e9gide de Piet Bekaert, aux c\u00f4t\u00e9s de Guy Dill, C\u00e9sar, Arman, Nicky de Saint Phalle\u2026<\/p>\n<h2 style=\"padding-left: 60px;\">1993<\/h2>\n<p style=\"padding-left: 120px;\">\u25aa Belgique : Exposition de groupe \u00e0 l\u2019Espace Jacqmotte<\/p>\n<h2 style=\"padding-left: 60px;\">1992<\/h2>\n<p style=\"padding-left: 120px;\">\u25aa Belgique : Exposition avec St\u00e9phane Jasinski<\/p>\n<h2 style=\"padding-left: 60px;\">1991<\/h2>\n<p style=\"padding-left: 120px;\">\u25aa Belgique : El\u00e8ve de l\u2019\u00e9cole des Beaux-Arts de Braine l\u2019Alleud<\/p>\n<\/p>\n<\/p>\n<p>[\/et_pb_text][\/et_pb_column][\/et_pb_row][\/et_pb_section]<\/p>\n","protected":false},"excerpt":{"rendered":"<p>The life of Marie-No\u00eblle de La Poype is conjugated in the plural &nbsp; Top-level sportswoman in her youth, she defends throughout the world her country\u2019s colors: Belgium.Doctor of Law from the Universit\u00e9 Libre de Bruxelles, she began a personal reflection on our society. Graduated from the Fine Arts Academy of Braine l\u2019Alleud in 1994, she [&hellip;]<\/p>\n","protected":false},"author":4,"featured_media":0,"parent":0,"menu_order":3,"comment_status":"closed","ping_status":"closed","template":"","meta":{"_et_pb_use_builder":"on","_et_pb_old_content":"","_et_gb_content_width":"","footnotes":""},"class_list":["post-3914","page","type-page","status-publish","hentry"],"_links":{"self":[{"href":"https:\/\/marienoelledelapoype.com\/en\/wp-json\/wp\/v2\/pages\/3914","targetHints":{"allow":["GET"]}}],"collection":[{"href":"https:\/\/marienoelledelapoype.com\/en\/wp-json\/wp\/v2\/pages"}],"about":[{"href":"https:\/\/marienoelledelapoype.com\/en\/wp-json\/wp\/v2\/types\/page"}],"author":[{"embeddable":true,"href":"https:\/\/marienoelledelapoype.com\/en\/wp-json\/wp\/v2\/users\/4"}],"replies":[{"embeddable":true,"href":"https:\/\/marienoelledelapoype.com\/en\/wp-json\/wp\/v2\/comments?post=3914"}],"version-history":[{"count":10,"href":"https:\/\/marienoelledelapoype.com\/en\/wp-json\/wp\/v2\/pages\/3914\/revisions"}],"predecessor-version":[{"id":25948,"href":"https:\/\/marienoelledelapoype.com\/en\/wp-json\/wp\/v2\/pages\/3914\/revisions\/25948"}],"wp:attachment":[{"href":"https:\/\/marienoelledelapoype.com\/en\/wp-json\/wp\/v2\/media?parent=3914"}],"curies":[{"name":"wp","href":"https:\/\/api.w.org\/{rel}","templated":true}]}}

<p>[et_pb_section fb_built=&#8221;1&#8243; next_background_color=&#8221;#ffffff&#8221; _builder_version=&#8221;4.14.8&#8243; _module_preset=&#8221;default&#8221; background_image=&#8221;https://marienoelledelapoype.com/wp-content/uploads/2022/02/baniere-test.jpg&#8221; custom_padding=&#8221;50px||50px||true|false&#8221; bottom_divider_style=&#8221;curve&#8221; bottom_divider_height=&#8221;50px&#8221; bottom_divider_flip=&#8221;horizontal&#8221; bottom_divider_style_tablet=&#8221;&#8221; bottom_divider_style_phone=&#8221;none&#8221; bottom_divider_style_last_edited=&#8221;on|desktop&#8221; global_module=&#8221;25012&#8243; global_colors_info=&#8221;{}&#8221;][et_pb_row _builder_version=&#8221;4.16&#8243; _module_preset=&#8221;default&#8221; global_colors_info=&#8221;{}&#8221;][et_pb_column type=&#8221;4_4&#8243; _builder_version=&#8221;4.16&#8243; _module_preset=&#8221;default&#8221; global_colors_info=&#8221;{}&#8221;][et_pb_text _builder_version=&#8221;4.16&#8243; _dynamic_attributes=&#8221;content&#8221; _module_preset=&#8221;default&#8221; header_text_align=&#8221;center&#8221; header_text_color=&#8221;#FFFFFF&#8221; header_font_size=&#8221;60px&#8221; header_font_size_tablet=&#8221;&#8221; header_font_size_phone=&#8221;40px&#8221; header_font_size_last_edited=&#8221;on|phone&#8221; header_text_shadow_style=&#8221;preset5&#8243; header_text_shadow_color=&#8221;#000000&#8243; global_colors_info=&#8221;{}&#8221;]@ET-DC@eyJkeW5hbWljIjp0cnVlLCJjb250ZW50IjoicG9zdF90aXRsZSIsInNldHRpbmdzIjp7ImJlZm9yZSI6IjxoMT4iLCJhZnRlciI6IjxcL2gxPiJ9fQ==@[/et_pb_text][/et_pb_column][/et_pb_row][/et_pb_section][et_pb_section fb_built=&#8221;1&#8243; admin_label=&#8221;section&#8221; _builder_version=&#8221;4.16&#8243; global_colors_info=&#8221;{}&#8221;][et_pb_row admin_label=&#8221;row&#8221; _builder_version=&#8221;4.16&#8243; background_size=&#8221;initial&#8221; background_position=&#8221;top_left&#8221; background_repeat=&#8221;repeat&#8221; global_colors_info=&#8221;{}&#8221;][et_pb_column type=&#8221;4_4&#8243; _builder_version=&#8221;4.16&#8243; custom_padding=&#8221;|||&#8221; global_colors_info=&#8221;{}&#8221; custom_padding__hover=&#8221;|||&#8221;][et_pb_text _builder_version=&#8221;4.16&#8243; _module_preset=&#8221;default&#8221; global_colors_info=&#8221;{}&#8221;]</p>
<h2 style="text-align: center;">The life of Marie-Noëlle de La Poype is conjugated in the plural </h2>
<p>&nbsp;</p>
<p>Top-level sportswoman in her youth, she defends throughout the world her country’s colors: Belgium.<br />Doctor of Law from the Université Libre de Bruxelles, she began a personal reflection on our society.</p>
<p>Graduated from the Fine Arts Academy of Braine l’Alleud in 1994, she finally realizes her dream as an artist, combining creativity and her love for Nature. A declaration of her fascination for complementarity, harmony and balance.</p>
<p>&nbsp;</p>
<h3>Give life-breath into void and to matter</h3>
<p>&nbsp;</p>
<p>His work transcends the idea that sculpture has no territory other than the material. Whether mineral, organic, or industrial, the primary element leaves the figurative for the abstract. And her talent, beyond the tangible reconnects the link between the elements, to ultimately revive all our senses.</p>
<p>Her early works use an unusual material with a rare density: bones of marine mammals from the secular age. With totemic lines and subtle elegance, all the power of the elements comes out of them.</p>
<p>Getting closer to the industrial world with Touch Me, she shapes monumental bas-reliefs of colored plastic.</p>
<p>Then imposing slate sculptures: masterly testimony of a human activity linked to the sacred. She splits this blue, dense, compressed and fissible rock to open out the song of the stones, to induce emptiness and space, to remind the complementarity of our universe.</p>
<p>Currently, she sublimates the void and its vibrations as the link of a Whole. Stainless steel wires that she wraps around the stone or from which she forms metallic plants, trees without photosynthesis. A notion of harmony between full and empty.</p>
<p>Une notion d&#8217;harmonie entre le plein et le vide.</p>
<p>Artist of great talent, complete, art remains in his eyes a salutary need to the everyday life of the existence. Her works transmit a lasting emotion, a reflection on Nature and Humanity. A complementarity of the full through the Median Void: a powerful factor of Peace. Her works transmit a lasting emotion, a reflection on Nature and Humanity. A complementarity of the full through the Median Void: a powerful factor of Peace.  </p>
<p>[/et_pb_text][et_pb_text admin_label=&#8221;Text&#8221; _builder_version=&#8221;4.27.6&#8243; background_size=&#8221;initial&#8221; background_position=&#8221;top_left&#8221; background_repeat=&#8221;repeat&#8221; hover_enabled=&#8221;0&#8243; global_colors_info=&#8221;{}&#8221; sticky_enabled=&#8221;0&#8243;]</p>
<div class="page" title="Page 1">
<div class="layoutArea">
<div class="column">
<h2 style="padding-left: 60px;">2025</h2>
<p style="padding-left: 120px;">France : Installation of PHOTOSYNTHESIS at the chapelle de Cozance (Trept, France)</p>
<h2 style="padding-left: 60px;">2024</h2>
<p style="padding-left: 120px;">France : PARIS: solo exhibition at the 8th arrondissement town hall</p>
</div>
</div>
<h2 style="padding-left: 60px;">2022</h2>
<p style="padding-left: 120px;">Belgium : Biennial of sculptures of Lasne September 30 (vernissage 19h) to October 9</p>
</div>
<h2 style="padding-left: 60px;">2021</h2>
<p style="padding-left: 120px;">France :Yerres Property Caillebotte PHOTOSYNTHESIS installation with sound background</p>
<p style="padding-left: 120px;">France: Chateau de Bosc</p>
<p style="padding-left: 120px;">France: Vide médian and Aphorismes Galerie Argentine</p>
<h2 style="padding-left: 60px;">2019</h2>
<p style="padding-left: 120px;">France: Jardin des Oules (Uzes)</p>
<p style="padding-left: 120px;">France: Fondation Pierre et Poppy Salinger</p>
<h2 style="padding-left: 60px;">2016</h2>
<p style="padding-left: 120px;">▪ France Yerres: 4e Biennale de sculptures, Property Caillebotte</p>
<p style="padding-left: 120px;">▪ New York: Gallery Yoshii</p>
<h2 style="padding-left: 60px;">2014</h2>
<p style="padding-left: 120px;">▪ Trélazé -France : Espace d&#8217;art contemporain &#8220;les Ecuries&#8221;</p>
<p style="padding-left: 120px;">▪ Saint Florent le Vieil France : Exposition Féminines?</p>
<p style="padding-left: 120px;">▪ Paris: Métro Exposition DANS QUELLE VIE TU MONDES?</p>
<h2 style="padding-left: 60px;">2012</h2>
<p style="padding-left: 120px;">▪ Oslo : Galerie Arctandria</p>
<p style="padding-left: 120px;">▪ London : Barbican Centre : &#8220;Creative Cities Collection-Beux-Art Exhibition&#8221; pendant Olympic Games</p>
<h2 style="padding-left: 60px;">2011</h2>
<p style="padding-left: 120px;">▪ France Yerres: 3 ème Biennale de la Sculpture Property Caillebotte, Exposition Collective «Autour du Rouge » Johnson &amp; Johnson- France</p>
<p style="padding-left: 120px;">▪ Paris: Night Night</p>
<h2 style="padding-left: 60px;">2010</h2>
<p style="padding-left: 120px;">▪ Paris : Musée de la Chasse et la Nature</p>
<p style="padding-left: 120px;">▪ Paris : Gallery Pierre-Alain Challier</p>
<h2 style="padding-left: 60px;">2008</h2>
<p style="padding-left: 120px;">▪ Beijing : Biennale de Pekin</p>
<p style="padding-left: 120px;">▪ Paris: Galerie Pierre-Alain Challier</p>
<p style="padding-left: 120px;">▪ Luxembourg: Le Foyer</p>
<h2 style="padding-left: 60px;">2005</h2>
<p style="padding-left: 120px;">▪ Belgique : Invitée à l’Academie des Beaux Arts de Braine l’Alleud</p>
<p style="padding-left: 120px;">▪ Barcelone : Galerie DART Bruxelles : Galerie Pierre Hallet</p>
<h2 style="padding-left: 60px;">2004</h2>
<p style="padding-left: 120px;">▪ Paris : Galerie Argentine de l’Ambassade d’Argentine</p>
<h2 style="padding-left: 60px;">2003</h2>
<p style="padding-left: 120px;">▪ Paris : Exposition personnelle Galerie Artcurial</p>
<p style="padding-left: 120px;">▪ Knokke le Zoute : avec Zao Wou-Ki Galerie Offa</p>
<h2 style="padding-left: 60px;">2002</h2>
<p style="padding-left: 120px;">▪ Monaco : Galerie Pastor – Gismondi</p>
<p style="padding-left: 120px;">▪ Monaco : Forum Grimaldi</p>
<h2 style="padding-left: 60px;">2000</h2>
<p style="padding-left: 120px;">▪ Antibes : Festival de la sculpture monumentale, Musée Picasso Antibes-shop</p>
<h2 style="padding-left: 60px;">1999</h2>
<p style="padding-left: 120px;">▪ Antibes : Festival de la sculpture monumentale</p>
<p style="padding-left: 120px;">▪ Paris : Musée d’Histoires Naturelles- Salon des Naturalistes</p>
<h2 style="padding-left: 60px;">1998</h2>
<p style="padding-left: 120px;">▪ Paris : Galerie Argentine de l’Ambassade d’Argentine</p>
<p style="padding-left: 120px;">▪ Antibes : Festival de la sculpture monumentale</p>
<p style="padding-left: 120px;">▪ Tokyo : Invitée à la Tokyo School of Arts</p>
<p style="padding-left: 120px;">▪ Belgique : Invitée du Groupe Quinconce au Musée Ianchelevici (Reportage Télévisé)</p>
<h2 style="padding-left: 60px;">1997</h2>
<p style="padding-left: 120px;">▪ Calvi : Festival du Vent</p>
<p style="padding-left: 120px;">▪ Antibes : Sculpture monumentale</p>
<h2 style="padding-left: 60px;">1996</h2>
<p style="padding-left: 120px;">▪ Antibes : Sculpture monumentale</p>
<h2 style="padding-left: 60px;">1995</h2>
<p style="padding-left: 120px;">▪ Bruxelles : Acquisition d’une sculpture par le Musée d’Art Contemporain de Ixelles</p>
<p style="padding-left: 120px;">▪ New-York : Vente d’une oeuvre par Sotheby’s au profit de la Fondation Bernadotte 1994</p>
<p style="padding-left: 120px;">▪ Belgique : Exposition au Château de Ooidonk sous l’égide de Piet Bekaert, aux côtés de Guy Dill, César, Arman, Nicky de Saint Phalle…</p>
<h2 style="padding-left: 60px;">1993</h2>
<p style="padding-left: 120px;">▪ Belgique : Exposition de groupe à l’Espace Jacqmotte</p>
<h2 style="padding-left: 60px;">1992</h2>
<p style="padding-left: 120px;">▪ Belgique : Exposition avec Stéphane Jasinski</p>
<h2 style="padding-left: 60px;">1991</h2>
<p style="padding-left: 120px;">▪ Belgique : Elève de l’école des Beaux-Arts de Braine l’Alleud</p>
</p>
</p>
<p>[/et_pb_text][/et_pb_column][/et_pb_row][/et_pb_section]</p>

<p>The life of Marie-Noëlle de La Poype is conjugated in the plural &nbsp; Top-level sportswoman in her youth, she defends throughout the world her country’s colors: Belgium.Doctor of Law from the Université Libre de Bruxelles, she began a personal reflection on our society. Graduated from the Fine Arts Academy of Braine l’Alleud in 1994, she [&hellip;]</p>
